et b be a(2). What is the remainder when 11 is divided by j(b)?
2
Suppose 31*t - 684 = -17*t + 10*t. Let x = -6 + 20. Calculate the remainder when t is divided by x.
4
Suppose 14*w - 16*w - 14 = -2*l, 5*w + 11 = 2*l. Calculate the remainder when 68 is divided by (6/7)/(l/(-28)) - -32.
10
Suppose -3*r + 15 = -15. Suppose -10*l = r*l - 540. Suppose x + 4*x = 70. What is the remainder when l is divided by x?
13
Let q be 1 + 141 + (2 - 2). Let n = -105 + q. What is the remainder when n is divided by 16?
5
Let y = 261 + -212. Suppose -39*o + y*o = 1370. What is the remainder when o is divided by (-2)/(-3)*(-564)/(-8)?
43
Let n = 111 - 44. Let x = n + -66. Calculate the remainder when 4 is divided by (2*x)/12 + (-289)/(-102).
1
Let y(z) = 2*z**3 - 15*z**2 + 63*z - 183. What is the remainder when 7479 is divided by y(6)?
84
Suppose 3*u + 3813 = 21*u - 9129. Calculate the remainder when u is divided by 41.
22
Let w be 8/20 + (-1794)/(-15). Calculate the remainder when 91 is divided by w/50*3/((-27)/(-60)).
11
Suppose 0 = -r + 5. Let y(f) = -f**3 - 6*f**2 + 9*f + 10. Let u be y(-5). What is the remainder when r is divided by (u/(-10) - 7) + 10/2?
1
Suppose -40 = 117*a - 109*a. Let t(m) = -3*m**3 - 13*m**2 + 4*m - 16. What is the remainder when t(a) is divided by 1/(((-6)/(-8))/3)?
2
Suppose 3*y - 8*y = 460. Let v = 137 + y. What is the remainder when v is divided by 10*-9*20/(-75)?
21
Suppose r + 24 = 88. Suppose z - r = -z. What is the remainder when z is divided by 214/(-5243) - (-3246)/294?
10
Suppose 0 = 2*v - 4*j - 59886, -44*j - 119746 = -4*v - 49*j. What is the remainder when v is divided by 30?
29
Suppose -1985 = -5*m + 4*s, 2*s + 393 = 4*m - 1189. Calculate the remainder when m is divided by 84.
57
Let q be (-77)/(-44) - (-2)/8. Suppose 0 = -3*o - q*o + 4*j + 1323, 4*o = -4*j + 1044. What is the remainder when o is divided by 10 + (7 - 9) - -16?
23
Let f(t) = 70*t + 1. Suppose -92 = -4*a + 4*r, -3*a = -r - 1909 + 1838. Calculate the remainder when f(1) is divided by a.
23
Let c = 1 + 3. What is the remainder when 20 is divided by (7/35)/(c/260)?
7
Let v = 4926 - 2437. What is the remainder when v is divided by 83?
82
Let l(w) = 1788*w - 5274. Suppose 0 = m - k - 16, 4*m - 3*m = 2*k + 20. What is the remainder when l(3) is divided by m?
6
Suppose 172 - 130 = 3*l. Calculate the remainder when 21/l*38/3 is divided by 1.
0
Suppose -2*z + z = -49. Let i = 58 - z. What is the remainder when 21 is divided by i?
3
Let s = 187 - 307. Let i = 16 - s. Let m(u) = u**3 - 13*u**2 + 3*u + 7. Calculate the remainder when i is divided by m(13).
44
Suppose x = -x - 6, -4*b = -3*x - 177. Let t = b - 20. What is the remainder when 82/4*(3 + -1)*(2 - (0 + 1)) is divided by t?
19
Suppose -3*n - 3*t - 2*t = -64, 5*t + 120 = 5*n. Let p = n + -7. Suppose 0*s - p = -4*s. What is the remainder when 7 is divided by s?
3
Let h be ((-24)/14)/((-6)/21). Suppose 11*w - 35 = h*w. Calculate the remainder when 48*(-2)/8*-2 is divided by w.
3
Let m(q) = 159*q**2 - 5*q + 9. Let n(t) = 159*t**2 - 4*t + 8. Let v(k) = -6*m(k) + 7*n(k). Calculate the remainder when v(-1) is divided by 20.
19
Let p = 1209 + -1200. Suppose p*c - 152 = -35. Let z = -47 + 90. What is the remainder when z is divided by c?
4
Let l = 199 + -34. Suppose -s = 2, a + 2*s = 109 + l. Suppose -4*v + 51 = -3*w - 450, 0 = -2*v - 4*w + a. Calculate the remainder when v is divided by 33.
30
Let a be 1/2 - 63/(-18). Suppose -4*o = -u + 2 - 1, 4*u + 3*o = a. Calculate the remainder when 4*((0 - -2) + -1) is divided by u.
0
Suppose 530*p = 180*p + 94500. Calculate the remainder when 1099 is divided by p.
19
Let w = 36 - 25. Let a = 739 + -677. What is the remainder when a is divided by w?
7
Let r(p) = -p**3 - 5*p**2 - 2*p - 3. Let j be (-3 - -9)*(-2)/2. Let m = -476 + 499. What is the remainder when r(j) is divided by m?
22
Suppose -153 = b - 5*l - 194, b - 37 = 4*l. Calculate the remainder when 345 is divided by b.
9
Let m(c) = c. Let k(f) = -57*f**2 + 29*f**2 + 27*f**2 - 20 + 25*f - 9. Let w(g) = k(g) - 5*m(g). What is the remainder when 65 is divided by w(17)?
21
Suppose t - 2*t = -2. Suppose -2*p = -t*y - 32, 0 = -p - y - 3*y + 31. Let o = 36 - p. What is the remainder when o is divided by 5?
2
Let u = -255 - -31. Suppose -4*o + 64 = 5*z - 41, -o + 5*z = -45. Calculate the remainder when o is divided by u/(-21)*6/4.
14
Let r(y) = -35*y - 148. Let a(p) = -35*p - 150. Let w(k) = -6*a(k) + 7*r(k). What is the remainder when w(-7) is divided by 28?
25
Suppose -3104 = -4*n - 0*n. Suppose -35*t = -31*t - n. Calculate the remainder when t is divided by 66.
62
Let c = -6252 - -6823. Calculate the remainder when c is divided by 69.
19
Let t(c) = 7*c**2 - 3*c - 8 - c**3 - c**3 + 6*c + 3*c**3. Suppose 13*r - 123 = 254. Calculate the remainder when r is divided by t(-6).
9
Let h = -4978 - -4981. Let p = -8 + 12. Suppose 0 = 3*c + 5*b - 48, c - p*c + 3*b = -48. Calculate the remainder when c is divided by h.
1
Suppose -5*z + 673 - 3403 = -26*z. What is the remainder when 462 is divided by z?
72
Let i be (-375)/(-10)*32/3. Suppose 0 = 12*k - 7*k - 5*c - i, -379 = -5*k - 2*c. What is the remainder when k is divided by 28?
21
Let j be (-318)/(-4) - 13/26. Suppose -5 = 78*g - j*g. Calculate the remainder when 146 is divided by g.
1
Let z(s) = -257*s + 202. Calculate the remainder when z(0) is divided by 73.
56
Let h = -1240 - -1465. What is the remainder when h is divided by 19?
16
Suppose 4*t - 105 = -y + 2*y, 4*y = -t - 505. Let k = 127 + y. What is the remainder when (32/(-12))/(k/(-42)) is divided by 19?
18
Let a = -12200 - -12265. What is the remainder when 678 is divided by a?
28
Let h = 29808 + -2089. Calculate the remainder when h is divided by 198.
197
Let q be (-58 - 2)*(-120)/16. Suppose 10*n - q = 4*n. Calculate the remainder when n is divided by 21.
12
Let b be (1 + 1)/(10 - 205/20). Calculate the remainder when b*(-3)/18 + (-43806)/(-126) is divided by 90.
79
Suppose 359*o - 51848 = 38979. Calculate the remainder when 1176 is divided by o.
164
Let l(n) = 2*n**2 - 39*n - 27. What is the remainder when 538 is divided by l(21)?
34
Suppose v + 8*j - 156 = 3*j, 0 = 2*v - j - 323. What is the remainder when v is divided by 157?
4
Suppose 0 = 5*a + 8*a - 39. Suppose b = a*b - 10. Suppose c = -i, 5*i - c = -5*c + b. Calculate the remainder when 13 is divided by i.
3
Let o(c) = -c**3 - 9*c**2 + 33*c - 11. Suppose 0 = 11*k - 10*k - 3. Suppose -z + 7 = k. Calculate the remainder when o(-12) is divided by z.
1
Suppose 2*c - 4*j - 48 = 0, -4*c = -j + 6*j - 31. Suppose m = -c*m + 255. What is the remainder when 406 is divided by m?
15
Suppose 2*s = -3*s + 75. Calculate the remainder when 145/(-3)*(-234)/130 is divided by s.
12
Let b be 194/10 + 105/175. Suppose -18*j + 218 - b = 0. Calculate the remainder when 19 is divided by j.
8
Let r(d) = d**3 - 52*d**2 + 24*d - 364. What is the remainder when r(52) is divided by 112?
100
Suppose 5*d - 2*a - 478 = 587, -3*d - 4*a + 665 = 0. Let r = d - 26. Suppose 2*k = -5*k + r. Calculate the remainder when k is divided by 15.
12
Calculate the remainder when 237 is divided by 17/(51/78) - -3 - 9.
17
Suppose -y + 7*y = -294. Let q = y - -52. Suppose -j - q*j = -3*i + 472, -2*j + 174 = i. What is the remainder when i is divided by 33?
32
Let h(x) = -x**3 - 8*x**2 + 9*x - 5. Let t be h(-9). Let p(u) = u**2 - 5*u + 3. Calculate the remainder when p(t) is divided by 16/(-12) - (-1508)/78.
17
Suppose -6 = 7*l - 10*l. Suppose -104*w - 5*n = -101*w - 50, -2*w + 28 = -l*n. What is the remainder when w is divided by 11?
4
Suppose -3*u - 351*i + 348*i = 354, u + 103 = 2*i. Suppose 327 = 2*z + 59. Let w = u + z. Calculate the remainder when w is divided by 12.
9
Suppose -37*b + 34*b - 21 = 0, 3*b + 19701 = 4*m. Calculate the remainder when m is divided by 9.
6
Suppose 14*z + 96 = 22*z. Let y(g) = -11*g + 157. What is the remainder when 69 is divided by y(z)?
19
Let w = -12998 - -13008. What is the remainder when 788 is divided by w?
8
Let l(q) = -q**3 + 163*q**2 - 348*q + 4208. Let t = -18 + 76. What is the remainder when t is divided by l(161)?
14
Suppose -m = 2*a - 12, 3*m - 2 = 2*a + 2. Let b be (3 + (-14)/a)*-6. Suppose -15 = 5*u, 0 = o - 0*o - b*u - 27. What is the remainder when 87 is divided by